re the prime factors of o?
3
Suppose -4*p + a - 31 = 0, -p + 3*a = -2*a + 3. Let q = 2 + 6. List the prime factors of (10 - q)/((-1)/p).
2
Let b be -3*20/24 - 6/(-4). What are the prime factors of 828/10 - b/5?
83
Suppose -8*c - 20 = -3*c. Let b be 2/(-8) - 41/c. Suppose -z + 5*y = -35, 3*y = 5*y + b. What are the prime factors of z?
2, 5
Let m(r) = -r + 2. Let j be 0/(3*3/9). Let d be m(j). Suppose -2*o - 4*s = -40, -d*o - 2*s - 5 + 53 = 0. What are the prime factors of o?
2, 7
Suppose -2*d + 0*z = 2*z + 18, 3*z = 4*d + 29. Let i be (-12 - d)/(2/16). Let c = i + 59. What are the prime factors of c?
3
Let s = 0 + 0. Suppose s = 15*m - 13*m. Suppose m = 5*y + 15, -i - 3*y + 7 = -0. List the prime factors of i.
2
Suppose 21 = -5*g - 3*k - 9, 3*g + 2*k = -17. Let c be (-6 - g) + 2 + -1. Suppose 6 = p - c. What are the prime factors of p?
2, 5
Suppose 0*w - 14 = -2*w. Let m(n) = n - 3. Let o be m(5). Suppose -f - w = -o*f. List the prime factors of f.
7
Suppose v - 5*g = -2*g + 65, 4*g + 128 = 2*v. List the prime factors of v.
2, 31
Suppose 2*m - 22 = 3*x, 2*m - 4*x = -m + 32. Suppose 27 = m*g + 323. Let s = g + 53. What are the prime factors of s?
2
Let t(g) = -g**2 + 6*g + 79. Let q be t(0). Let j = -43 + q. List the prime factors of j.
2, 3
Let f(x) = -x**3 + x**2 + x. Let a(h) = 4*h**3 + 6*h**2 - 17*h - 11. Let o(i) = -a(i) - 5*f(i). List the prime factors of o(11).
11, 13
Let k = 134 + -128. Suppose 4*g = k*g - 232. List the prime factors of g.
2, 29
Suppose 3*l = 5 - 2. Let y be 2 + (l*20 - 0). Let z = y + 5. What are the prime factors of z?
3
Let k(m) = m**2 - 5. Suppose 3*j + 2*j = -4*f + 53, 3 = 4*f - 5*j. List the prime factors of k(f).
2, 11
Let c be ((-12)/10)/(6/(-40)). Let w = c + 1. Suppose w*n - 4*n = 40. What are the prime factors of n?
2
Suppose 3*m - 393 = -2*t - t, 0 = -2*t + 4*m + 238. What are the prime factors of t?
127
Let l be 1364/10 + (-2)/5. Let i = l - 65. What are the prime factors of i?
71
Let m be -1454*(-2)/4 + 1. Suppose 11*j - m = 284. What are the prime factors of j?
2, 23
What are the prime factors of 4/(((-4528)/(-754) - 3) + -3)?
2, 13, 29
Let h be (81/18)/((-1)/(-2)). Let k(r) = 4*r - 31. What are the prime factors of k(h)?
5
Let r(u) = 2*u**2 - 20*u - 69. What are the prime factors of r(34)?
3, 521
Let v = 19 - 16. Suppose 4*b = 2*p + 170, v = b - p - 38. Suppose 2*c - 2*j - 86 = 0, b = 3*c + 3*j - 85. What are the prime factors of c?
43
Let b be (22/4 - 4)/((-3)/(-10)). List the prime factors of (636/(-10))/((-2)/b).
3, 53
Let x = 28 - 26. Let n(r) = 1 + 9*r**2 - x*r - 2*r - r**3 - 2*r - 2*r**2. What are the prime factors of n(5)?
3, 7
Let u(h) = 67*h - 15. Let i be u(10). Suppose -8*j + i = 223. What are the prime factors of j?
2, 3
Let b(y) = -y**2 + 6*y - 5. Let s be b(4). Suppose s*h - 3*d - 66 = -7*d, h = d + 29. Suppose -q + 1 + 0 = -k, -2*q + h = 4*k. List the prime factors of k.
2
What are the prime factors of (-444)/14*(-129 - (-23 - -13))?
2, 3, 17, 37
Let d be 2*(3 - -4 - 5). Suppose 4*q - 677 = 2*a - a, 0 = -5*q - a + 853. Suppose d*y = -y + q. What are the prime factors of y?
2, 17
Suppose -l = 2*c + 3*l - 28, 2*c - 2*l = 10. Let k = 72 + -5. Suppose c = 3*w - k. List the prime factors of w.
5
Let k(w) = 20*w**2 + 2*w + 2. Let c = 71 - 72. List the prime factors of k(c).
2, 5
Let w(i) = i**2 + 7*i + 3. Let r be w(-7). Suppose r*d - 437 = -143. List the prime factors of d.
2, 7
Let d(h) = h**2 + 1. Let l be d(1). Let k be (15/l)/((-3)/(-32)). Suppose -3*u = -6*u - 5*c + 79, 2*c + k = 5*u. List the prime factors of u.
2, 3
What are the prime factors of (-244)/61 + 0 + 44?
2, 5
Suppose 0 = 6*i - 5*i + 1. Let b(v) = v - 1. Let r(q) = -28*q**2 + 4*q - 1. Let j(a) = 2*b(a) - r(a). List the prime factors of j(i).
29
List the prime factors of ((-165)/10)/1*(-184)/6.
2, 11, 23
Let w(p) be the first derivative of -p**3/3 - p**2 + 113*p + 13. What are the prime factors of w(0)?
113
Let g be (-2)/(-5)*(-1 + 846). Suppose 5*y = 5*v + y - g, -3*v - 3*y = -192. List the prime factors of v.
2, 3, 11
Suppose 4*i - 561 = -p - 189, -5*p - 186 = -2*i. List the prime factors of i.
3, 31
Suppose 0*m = 5*m - 10. Let a be (-3)/m*(-138)/9. Suppose 2*h + a = 79. What are the prime factors of h?
2, 7
Let i = 63 - 57. Suppose i*f - 29 = -5. What are the prime factors of f?
2
Let u(i) = 9*i + 18. Let b(w) = w + 1. Let q(r) = 6*b(r) - u(r). Let n(v) = -7*v - 22. Let p be n(-2). List the prime factors of q(p).
2, 3
Let x be 5/(-20) - 84/(-16). Suppose 16*p - 1287 = x*p. What are the prime factors of p?
3, 13
Suppose 7*x + 237 + 1 = 0. Let s = -1 - x. What are the prime factors of s?
3, 11
Let o(b) = -10*b - 57. List the prime factors of o(-9).
3, 11
Let k(t) = -3*t + 3. Let p(q) = -12*q + 12. Let d(s) = 9*k(s) - 2*p(s). Let o be d(0). Let a(x) = 3*x**3 - 2*x**2 - 3*x + 2. What are the prime factors of a(o)?
2, 7
Let u(a) = 43*a**2 + 3. Let m(b) = -86*b**2 - 7. Let l(c) = -2*m(c) - 5*u(c). Let h be l(-1). Let n = -11 - h. What are the prime factors of n?
3, 11
Let n(k) = 2*k - 7. Let m(z) = -22*z + 8*z + 13*z + 3. Let h(p) = -5*m(p) - 2*n(p). List the prime factors of h(7).
2, 3
What are the prime factors of -5*(-10 + (-104)/5)?
2, 7, 11
Let b be (52/8)/(3/(-6)). Let h(v) = -v**3 - 12*v**2 - v - 2. List the prime factors of h(b).
2, 3, 5
Let f = -7 + 12. Let k(s) = -34*s + 14. Let u be k(f). What are the prime factors of (4/3)/((-8)/u)?
2, 13
Let o(q) be the second derivative of q**5/20 + 7*q**4/12 - q**3/3 - 9*q**2/2 - 5*q. Let m be o(-6). Let x = -3 + m. List the prime factors of x.
2, 3
Suppose -2*t + 22 - 16 = 0. Suppose 0 = -5*q + 5*c + 300, q - t*c - 80 = 2*c. List the prime factors of q.
5, 11
Let m = 33 + -75. Let u = m + 84. Let s = -28 + u. List the prime factors of s.
2, 7
Suppose -2*o - 6 = -4*o. Suppose 4*w - o*w - 55 = 0. What are the prime factors of w?
5, 11
Let m(h) = 4*h**2 + 17*h + 21. What are the prime factors of m(-16)?
773
Let g(l) = 27*l + 13. Let c be g(4). Suppose -t - t + 3*a = -c, -t + 4*a + 68 = 0. What are the prime factors of t?
2, 7
Let b(v) = -4*v + 198. List the prime factors of b(-41).
2, 181
Let o = 1428 + -121. What are the prime factors of o?
1307
Suppose 5*f = k + 306, -5*k - 8 + 3 = 0. List the prime factors of f.
61
Let m(q) = -q**2 - 9*q - 8. Let a be m(-8). Suppose -3*j - 12 = -3, a = -4*x - 4*j + 84. List the prime factors of x.
2, 3
Let v be (-331)/(-2)*(9 - (0 + 7)). Let r = -176 + v. What are the prime factors of r?
5, 31
Let w = 585 - 982. Let q = w - -662. List the prime factors of q.
5, 53
Let t(q) = -41*q + 59. List the prime factors of t(-5).
2, 3, 11
Suppose -46*d = -21*d - 53250. What are the prime factors of d?
2, 3, 5, 71
Let g = 506 + 1368. List the prime factors of g.
2, 937
Let t be (-4)/6 - (-22)/33. Suppose t = -5*m - 4*g + 250, -137 = -5*m - 5*g + 118. What are the prime factors of m?
2, 23
Suppose 9*b - 4*b + 5*c = 600, 4*b = 4*c + 512. Suppose 2*s = 4*l + b, -2*s - 2*l = -4*l - 116. What are the prime factors of s?
2, 3
Let a(r) = 231*r - 307. List the prime factors of a(3).
2, 193
Let i be -2 + 2/((-1)/1). Let l(p) = p**2 + 2*p + 9. Let w be l(i). Let j = w + -6. List the prime factors of j.
11
What are the prime factors of (27/(-18))/(-1 - 1983/(-1986))?
3, 331
Let f(v) = 4*v + 11. Let h(x) = 3*x + 10. Let z(j) = -4*f(j) + 5*h(j). Suppose 0 = 2*k - 3*k + o - 17, 0 = -5*o. List the prime factors of z(k).
23
Let d = 2480 - 1680. What are the prime factors of d?
2, 5
Let h be -1*1 + 23 + -10. Let m(g) = -g**3 - 8*g**2 - g - 2. Let x be m(-8). Let v = h + x. What are the prime factors of v?
2, 3
Suppose j - 99 = -4*y - 0*y, -y + 5*j + 30 = 0. Let z = 77 - 35. Let b = z - y. What are the prime factors of b?
17
Suppose 10*p = 7*p. Suppose -v + 2*s = s - 38, p = -5*v + 2*s + 205. What are the prime factors of v?
43
Suppose 20*f - 28207 = 2093. List the prime factors of f.
3, 5, 101
Let p = 83 - 63. What are the prime factors of (76/p + -5)/((-6)/760)?
2, 19
Let v(c) = 2*c**3. Let k be v(1). Suppose -w - 5*g + 205 = k*w, 0 = -5*w + 4*g + 280. Let m = w + -14. What are the prime factors of m?
2, 23
Suppose 6*v + 3*y = v + 269, 4*v + 5*y = 223. Suppose 4*w = 188 + v. List the prime factors of w.
2, 3, 5
Suppose 0*o + 1721 = 4*o + 3*r, 2*r - 1718 = -4*o. List the pr